?
6
Let t(w) = 314*w**3 + 3*w**2 - 4*w + 3. What is the units digit of t(1)?
6
Let k(g) = 2*g**3 - 3*g**2 - 10. What is the tens digit of k(4)?
7
Suppose 3*z + 4*q = 8460, 5*z = 3*q + 1909 + 12191. What is the tens digit of z?
2
Let n(r) be the third derivative of -r**4/8 - r**3 - 2*r**2. Let j be n(-7). Suppose -j - 1 = -2*d. What is the units digit of d?
8
Let s be (4/16)/(4/16). Let w be s + (6 + -4 - -2). Suppose 4*o = 2*j - 136, -5*j - w*o = -2*o - 275. What is the units digit of j?
8
Suppose 11*i = 552 + 1670. What is the tens digit of i?
0
Let m(h) = h**2 + 13*h + 2. Let b be m(-12). Let k = 35 + b. Suppose 0 = 2*g - k - 3. What is the units digit of g?
4
Suppose 11120 = 3*g + i, 5*i - 7409 = 13*g - 15*g. What is the tens digit of g?
0
Let c = 5 - 5. Let o(k) = -k**2 - 2*k + 720. Let x be o(c). What is the units digit of 14/4*x/126?
0
What is the hundreds digit of (94/(-4))/(2/(-68))*1?
7
Suppose -4*m + 2*y - 58 = 0, 2*m - 3*y + 17 = m. What is the tens digit of 66*((-2)/m)/(3/7)?
2
Let t(r) be the third derivative of -r**6/120 + r**5/10 - r**4/6 + 13*r**3/6 - 6*r**2. What is the units digit of t(4)?
9
Suppose 4 = 4*w - 4. Suppose -2*k + 18 = -0*l + w*l, -5*k - l + 25 = 0. What is the units digit of k?
4
Let v(j) = -j**2 - 6*j - 7. Suppose 0 = 2*q - 3*l + 15, -l = -2*q - 4*l + 3. What is the units digit of v(q)?
2
Let u(g) = -g**3 - 14*g**2 + 14*g + 5. Let b be u(-15). Let x = -13 + b. What is the units digit of (-2)/x + 144/63?
2
Let s(v) = 1266*v**2 + 5*v - 3. What is the thousands digit of s(-1)?
1
Let o be (-10)/(-3) + (-10)/(-15). Suppose -3*t = -o*a + 16 + 6, 3 = 3*a. Let q = t - -11. What is the units digit of q?
5
Let k = -2871 + 4081. What is the hundreds digit of k?
2
Let x = -97 + 100. Suppose x*a + 756 = 6*a. What is the tens digit of a?
5
Let l = -18 + 25. Let p = -9 + l. What is the tens digit of (5/15)/(p/(-78))?
1
Let v(z) = z**2 - 16*z + 30. Let o be v(13). What is the hundreds digit of 4/(-18) - 1271/o?
1
Let n = 5 + -1. Suppose n*j - 4 = 2*j. What is the tens digit of -8*((-21)/4 + j)?
2
Let w = 38 + -30. Let h(d) = 3*d + 1 + w - 2*d + 1. What is the units digit of h(5)?
5
Suppose 32*p - 3832 = 24*p. What is the tens digit of p?
7
Suppose -4*h + 2887 + 737 = 0. What is the hundreds digit of h?
9
Suppose -8*v = -49 - 10863. What is the hundreds digit of v?
3
Suppose 0 = 5*k - 3*p + 11, 5*k + 17 = 5*p + 2. What is the units digit of (-4)/(k - 3) - -76?
7
Suppose -4 - 11 = -5*v. Let y be (-10 + 1)*92/(-414). Suppose v*a = a + y. What is the units digit of a?
1
What is the units digit of 9 - 11*-165 - (7 - 2)?
9
Let t be ((-36)/45)/(2/(-30)). Let v(n) = n**2 - 13*n + 20. What is the units digit of v(t)?
8
Let x be (-11 + 0)*(-5 + 4). Let i be ((-64)/5)/(x/(-110)). Suppose -4*t + i = 8. What is the units digit of t?
0
Suppose 8*r - 3 - 5 = 0. What is the tens digit of (46/1 + r)*1?
4
Let b = -292 - -2765. What is the hundreds digit of b?
4
Let i be ((-2)/((-8)/(-20)))/(-1). Suppose 11 = i*j - 109. What is the tens digit of j?
2
Let p = -1242 - -2987. What is the tens digit of p?
4
Suppose -7 + 4 = c. What is the units digit of (-522)/3*(-2)/(-9)*c?
6
Suppose -3*x = x. Let q(f) = f**3 + 13*f**2 - 9*f + 28. Let r be q(-12). Suppose b = -5*n + 379, -r = -4*n - x*b + 5*b. What is the tens digit of n?
7
Let d(k) = k - 9. Let u be d(6). Let b be 45/u*(2 + -3). Suppose -n + 1 = 3*z - b, -4*z - 175 = -5*n. What is the units digit of n?
1
Let p(y) = -y**2 + 9*y + 22. What is the units digit of p(0)?
2
What is the units digit of (-12)/9*43323/(-28)?
3
Suppose 25*f = 29*f - 1700. What is the units digit of f?
5
Let y = 10 + 3. Let x(n) = 4*n**2 - 8*n + 9. Let z(v) = -8*v**2 + 17*v - 19. Let o(u) = y*x(u) + 6*z(u). What is the units digit of o(3)?
3
Suppose -3*p + 3 = 0, 6*j - 5*p = 3*j + 148. Let r = j + -9. What is the units digit of r?
2
Suppose 11*r + 5*q = 8*r + 336, 0 = 3*r + q - 324. What is the units digit of r?
7
Suppose 0 = 2*v + 5*z + 53 - 646, -1445 = -5*v - 5*z. Let c = -191 + v. Suppose -2*q + c = -17. What is the tens digit of q?
5
Let s = 8431 + -5777. What is the hundreds digit of s?
6
Let o = 29 - 27. Suppose u = o*u - 86. What is the tens digit of u?
8
Suppose -3*n + 3*z - 138 = 0, -139 = -0*n + 3*n - 4*z. What is the tens digit of (-206)/(-10) + (-18)/n?
2
Let g(q) = -19*q + 184. What is the hundreds digit of g(-19)?
5
Let j(f) = 2*f**3 + 4*f**2 + 3*f - 1. Let t be j(-3). Let l = t + 98. Let w = -34 + l. What is the units digit of w?
6
Suppose -4*b - 8 = -5*b. Suppose 2 = -u + 5. Suppose -b + u = -w. What is the units digit of w?
5
Suppose 854 = 10*t + 2454. Let o = t + 275. What is the units digit of o?
5
Suppose -15 - 5 = 5*n. Let o be 1*(8/n)/(-1). Suppose 0*b + 3*b + 9 = 0, -5*a + o*b = -206. What is the tens digit of a?
4
Suppose n - 328 = d + 32, -3*n + 1078 = -d. What is the units digit of n?
9
Let b = -13 - -15. Suppose 0 = p + 2*i + 25 + b, 3*i - 148 = 5*p. Let h = p + 32. What is the units digit of h?
3
Let t(r) = -r + 12. Let o be (-1 - -2)*21/3. Let y be t(o). Suppose 10*b - 5*b = -25, y*b + 87 = 2*v. What is the tens digit of v?
3
Let p(g) = 94*g**3 - 4*g**2 + 2*g + 1. What is the tens digit of p(1)?
9
Let u(w) be the third derivative of 0*w + 1/24*w**4 + 0 + 0*w**3 - 11*w**2. What is the units digit of u(5)?
5
Let a(y) be the first derivative of 8*y**3/3 + y**2 + 3*y - 6. Let x be a(-4). Suppose -6*u + x = -159. What is the tens digit of u?
4
Let f(z) = -z - 1. Let y(u) = -14. Let d(a) = -10*f(a) + 2*y(a). What is the units digit of d(10)?
2
Suppose -14 = r - 2*t, -12 = 2*r + t + 3*t. Let p be (2/3)/(r/(-105)). Suppose -7 = 6*l - p*l. What is the units digit of l?
7
Suppose 1108 = -10*n + 12*n. What is the units digit of n?
4
Suppose -17 + 12 = l. Let r be ((-26)/(-5))/((-1)/l). What is the tens digit of 750/r - 4/(-26)?
2
Suppose -2*a = -28*q + 32*q - 4292, -4*a + 5*q + 8571 = 0. What is the hundreds digit of a?
1
Let p = 3597 + -2446. What is the tens digit of p?
5
Let k(b) = -25*b + 6. Let h be k(5). Let w = h - -190. Suppose -2*x = 5*q + 2*x - 124, -3*q + x = -w. What is the tens digit of q?
2
Let n = 30 + -77. Suppose -3*i - 97 = 116. Let w = n - i. What is the tens digit of w?
2
Let n be 0*(5/(-2) - -2). Suppose 2*h - 4*b + 16 = n, 3*h = -0*b + 3*b - 9. Suppose h*v = -4*g - 2*v + 232, 0 = g + 2*v - 59. What is the units digit of g?
7
Suppose -31*c = -33*c - 6, 4*c - 1478 = -5*x. What is the hundreds digit of x?
2
Let v(f) = f**2 + 3*f - 6. Let q be v(-5). Let i(c) = 5*c - 2*c**3 + 0 + c**3 + 5*c**2 - 2 - 3. What is the tens digit of i(q)?
3
Suppose 4*n = -26 - 10. Suppose 5*h = -13 - 12. Let x = h - n. What is the units digit of x?
4
Let i(p) = -p**3 + 8*p**2 - 8*p + 7. Let o be i(7). Suppose -2*y + 474 = 4*f, 9 + o = -3*y. What is the hundreds digit of f?
1
Suppose 2*p = 21*p - 22838. What is the tens digit of p?
0
Let p(v) be the first derivative of -v**3/2 - 2*v + 5. Let k(u) be the first derivative of p(u). What is the units digit of k(-9)?
7
Let u(m) = -m**3 + 1 - 8 - 17*m - 13*m**2 - 2*m**2. What is the units digit of u(-14)?
5
Suppose 3*k + 2 = 83. Let b be k*(-1)/((-3)/(-4)). Let m = -24 - b. What is the tens digit of m?
1
Let r be (-24)/9*27/(-12). Let a be (-2151)/(-33) - r/33. Suppose 0 = -t - 4*t + a. What is the tens digit of t?
1
Suppose -4*s + 486 = -2*s. Suppose 649 = 7*u + s. What is the units digit of u?
8
Let l be (-1)/(-8) - (-1461)/24. Suppose 2*g = l + 55. What is the tens digit of g?
5
Let d = 58 - 49. What is the tens digit of 24/108 + 1429/d?
5
Let s = -13 - -15. Suppose 5*p - 3 - s = 0. Suppose -p + 34 = u. What is the units digit of u?
3
Let j be (-40)/(-12)*(-18)/(-4). Suppose j = 5*m, 0*m = 2*y + 3*m - 61. What is the tens digit of y?
2
Suppose -4*x = 8, -3*x + 225 + 54 = 5*m. What is the units digit of m?
7
Let j(l) = l**2 + 4*l - 13. Let s be j(2). Let o be (0 + 1)/(2/20). Let a = o + s. What is the units digit of a?
9
What is the units digit of (-8)/6 + (-4)/(-12) - -1504?
3
Suppose -664 = -10*r + 6576. What is the hundreds digit of r?
7
Suppose -337 = -2*o + o. Suppose 6*i - o = 773. What is the tens digit of i?
8
Let g = -178 - -243. What is the units digit of g?
5
Suppose 4*t - 4544 = -1176. What is the tens digit of t?
4
Suppose 14*r + 0*r = 14112. What i